e number?
True
Is 3817 a composite number?
True
Is 1387 prime?
False
Is 36191 composite?
False
Is 5189 a composite number?
False
Is 297533 composite?
False
Is 402689 a composite number?
True
Is 8962 a composite number?
True
Is 5323 composite?
False
Is 187039 prime?
False
Is 5737 a prime number?
True
Is 47041 a composite number?
False
Is 2623 composite?
True
Is 5305 prime?
False
Is 716119 a composite number?
True
Is 5549 prime?
False
Is 2963 composite?
False
Is 2283833 prime?
True
Is 22469 composite?
False
Is 109569 a prime number?
False
Is 38069 composite?
False
Is 37463 prime?
True
Is 6229 prime?
True
Is 30577 a prime number?
True
Is 1315 composite?
True
Is 132407 a prime number?
False
Is 249181 prime?
True
Is 730363 a composite number?
False
Is 830099 prime?
True
Is 7593 a composite number?
True
Is 7033 composite?
True
Is 439559 a prime number?
True
Is 1532957 a composite number?
False
Is 146447 a prime number?
False
Is 95393 a composite number?
False
Is 1046497 composite?
False
Is 956987 prime?
True
Is 13751 prime?
True
Is 25279 prime?
False
Is 26549 composite?
True
Is 886 composite?
True
Is 78497 a composite number?
False
Is 14123 a prime number?
False
Is 5105 composite?
True
Is 61853 a composite number?
True
Is 62119 a composite number?
False
Is 84377 prime?
True
Is 1342853 composite?
True
Is 35429 a prime number?
False
Is 13859 a prime number?
True
Is 4861 prime?
True
Is 28283 a prime number?
True
Is 5953 a prime number?
True
Is 14821 composite?
False
Is 614827 prime?
True
Is 43765 a prime number?
False
Is 257755 composite?
True
Is 51505 a prime number?
False
Is 147365 a composite number?
True
Is 2521 a prime number?
True
Is 1769 prime?
False
Is 63613 a composite number?
True
Is 29983 a prime number?
True
Is 17921 a composite number?
False
Is 13033 a composite number?
False
Is 4265 composite?
True
Is 36029 prime?
False
Is 32698 a prime number?
False
Is 44159 prime?
True
Is 2159 composite?
True
Is 113101 a prime number?
False
Is 650523 a composite number?
True
Is 38371 a prime number?
True
Is 6329 prime?
True
Is 11437 a prime number?
True
Is 74831 a composite number?
False
Is 30547 a prime number?
False
Is 15089 composite?
True
Is 54101 a prime number?
True
Is 20071 a composite number?
False
Is 127091 a composite number?
True
Is 1679197 prime?
False
Is 53671 prime?
False
Is 12251 prime?
True
Is 3697 prime?
True
Is 483991 composite?
False
Is 1578983 a composite number?
True
Is 357671 a composite number?
False
Is 1087 composite?
False
Is 839 a prime number?
True
Is 526 prime?
False
Is 30423 composite?
True
Is 25387 composite?
True
Is 4613 prime?
False
Is 72431 a prime number?
True
Is 459749 a composite number?
False
Is 200714 a prime number?
False
Is 15101 a prime number?
True
Is 41011 a composite number?
False
Is 281009 a composite number?
True
Is 4447 a composite number?
False
Is 61445 prime?
False
Is 1097167 prime?
False
Is 26989 a composite number?
True
Is 164797 prime?
False
Is 824357 a prime number?
False
Is 989011 a prime number?
True
Is 476219 a prime number?
True
Is 226757 a composite number?
True
Is 874527 composite?
True
Is 4703 a composite number?
False
Is 49318 a composite number?
True
Is 13071 a composite number?
True
Is 5249 prime?
False
Is 66077 composite?
True
Is 38813 a prime number?
False
Is 79045 a prime number?
False
Is 12633 composite?
True
Is 40193 a prime number?
True
Is 481 composite?
True
Is 44017 a composite number?
False
Is 3491 composite?
False
Is 452671 a prime number?
True
Is 234337 composite?
True
Is 5897 a composite number?
False
Is 144663 prime?
False
Is 11293 a prime number?
False
Is 454663 composite?
True
Is 104461 a prime number?
False
Is 613 a composite number?
False
Is 150269 a composite number?
True
Is 134257 a prime number?
True
Is 535919 a composite number?
False
Is 10447 composite?
True
Is 150697 prime?
True
Is 274811 a composite number?
False
Is 11441 composite?
True
Is 3547 a composite number?
False
Is 1055 composite?
True
Is 154421 composite?
True
Is 76811 a composite number?
True
Is 218123 composite?
True
Is 45707 prime?
True
Is 39127 composite?
True
Is 2503 prime?
True
Is 174601 prime?
False
Is 15019 a composite number?
True
Is 233141 a composite number?
False
Is 73517 composite?
False
Is 939947 prime?
False
Is 146719 a composite number?
False
Is 39682 prime?
False
Is 46169 composite?
True
Is 810049 a prime number?
True
Is 290449 a prime number?
False
Is 57595 composite?
True
Is 107563 a composite number?
False
Is 282797 a composite number?
False
Is 129169 composite?
False
Is 531803 a composite number?
True
Is 63214 a prime number?
False
Is 2981 a prime number?
False
Is 452345 a prime number?
False
Is 287089 a prime number?
False
Is 1601 prime?
True
Is 510161 composite?
True
Is 98305 a composite number?
True
Is 3683 composite?
True
Is 2281 a composite number?
False
Is 491807 prime?
False
Is 12007 composite?
False
Is 866561 a composite number?
True
Is 3943 a prime number?
True
Is 3793 a prime number?
True
Is 141874 a prime number?
False
Is 47939 a composite number?
False
Is 21961 a prime number?
True
Is 2116117 prime?
True
Is 14971 a prime number?
False
Is 5569 a composite number?
False
Is 92969 a composite number?
True
Is 43753 composite?
False
Is 51873 prime?
False
Is 73579 prime?
False
Is 16729 a composite number?
False
Is 65977 prime?
False
Is 45707 prime?
True
Is 526 a composite number?
True
Is 15829 prime?
False
Is 291211 a composite number?
True
Is 71011 composite?
False
Is 1151339 composite?
True
Is 10111 prime?
True
Is 3087554 prime?
False
Is 6287 a composite number?
False
Is 211493 prime?
True
Is 1680287 composite?
True
Is 20609 prime?
False
Is 237763 a prime number?
True
Is 541 prime?
True
Is 934 composite?
True
Is 1247 composite?
True
Is 143053 prime?
True
Is 15389 a prime number?
False
Is 664843 prime?
True
Is 626051 a prime number?
True
Is 3761 a composite number?
False
Is 281143 a prime number?
False
Is 146777 composite?
False
Is 58291 prime?
False
Is 7997 a composite number?
True
Is 4835 a composite number?
True
Is 597 a prime number?
False
Is 5923 composite?
False
Is 159521 a prime number?
True
Is 4143 a prime number?
False
Is 55559 a prime number?
False
Is 164737 prime?
False
Is 599965 composite?
True
Is 16127 a composite number?
False
Is 67387 composite?
True
Is 148334 composite?
True
Is 66337 a prime number?
True
Is 31043 a prime number?
False
Is 92793 composite?
True
Is 195121 prime?
True
Is 34 composite?
True
Is 32251 a composite number?
False
Is 5017 a prime number?
False
Is 56423 composite?
True
Is 35363 composite?
False
Is 47339 composite?
False
Is 177109 a prime number?
True
Is 658589 a prime number?
True
Is 17657 composite?
False
Is 298 prime?
False
Is 15845 composite?
True
Is 13397 a composite number?
False
Is 26879 prime?
True
Is 2161 a prime number?
True
Is 206383 a composite number?
False
Is 12679 composite?
True
Is 10007 composite?
False
Is 25691 prime?
False
Is 1733 a prime number?
True
Is 35981 composite?
True
Is 76463 prime?
True
Is 1841 prime?
False
Is 13957 a prime number?
False
Is 90599 prime?
True
Is 239821 composite?
True
Is 120067 prime?
True
Is 20469 composite?
True
Is 12319 prime?
False
Is 38158 a composite number?
True
Is 17785 composite?
True
Is 99343 prime?
False
Is 6439 a prime number?
False
Is 560459 composite?
False
Is 30131 a prime number?
False
Is 6389 a prime number?
True
Is 165919 composite?
True
Is 29905 a prime number?
False
Is 3946 prime?
False
Is 629 a composite number?
True
Is 7563 a composite number?
True
Is 6739 prime?
False
Is 19661 a composite number?
False
Is 29065 prime?
False
Is 334921 a composite number?
True
Is 56083 a composite number?
True
Is 2285 composite?
True
Is 48157 prime?
True
Is 453513 a prime number?
False
Is 112793 composite?
True
Is 305249 a prime number?
False
Is 149095 a composite number?
True
Is 5189 prime?
True
Is 1511 a composite number?
False
Is 11399 a composite number?
False
Is 30029 a prime number?
True
Is 13521 a composite number?
True
Is 6541 prime?
False
Is 53591 prime?
True
Is 368527 a composite number?
True
Is 3075505 a composite number?
True
Is 342623 prime?
False
Is 668042 composite?
True
Is 76079 prime?
True
Is 302261 composite?
False
Is 32713 a prime number?
True
Is 385007 a composite number?
